 is the remainder when 4942571 is divided by 446?
445
What is the remainder when 158406065 is divided by 91?
90
What is the remainder when 583735 is divided by 6572?
5399
What is the remainder when 10885366 is divided by 167467?
11
Calculate the remainder when 26075 is divided by 3244.
123
Calculate the remainder when 885743 is divided by 148.
111
What is the remainder when 685611 is divided by 228525?
36
Calculate the remainder when 64873 is divided by 1244.
185
What is the remainder when 4150994 is divided by 1037747?
6
What is the remainder when 30740224 is divided by 145?
79
What is the remainder when 3199110 is divided by 14810?
150
Calculate the remainder when 12955039 is divided by 588864.
31
Calculate the remainder when 12245159 is divided by 5.
4
Calculate the remainder when 6221561 is divided by 69905.
16
Calculate the remainder when 628397 is divided by 208870.
1787
What is the remainder when 1570884 is divided by 1570871?
13
Calculate the remainder when 7687132 is divided by 2394.
2392
Calculate the remainder when 6647007 is divided by 12196.
187
Calculate the remainder when 16807763 is divided by 3196.
3195
Calculate the remainder when 91473735 is divided by 8.
7
Calculate the remainder when 591190 is divided by 926.
402
What is the remainder when 122558 is divided by 4887?
383
Calculate the remainder when 2196218 is divided by 761.
733
What is the remainder when 69467646 is divided by 2368?
2366
What is the remainder when 140817 is divided by 240?
177
Calculate the remainder when 12978826 is divided by 562.
560
What is the remainder when 11609140 is divided by 2509?
2506
What is the remainder when 451141 is divided by 19613?
42
Calculate the remainder when 214855 is divided by 35796.
79
Calculate the remainder when 2255534 is divided by 1127690.
154
What is the remainder when 265738 is divided by 14596?
3010
Calculate the remainder when 1773650 is divided by 16576.
18
Calculate the remainder when 986143 is divided by 31.
2
What is the remainder when 612165 is divided by 834?
9
Calculate the remainder when 395999 is divided by 44.
43
What is the remainder when 368528 is divided by 171?
23
What is the remainder when 403656 is divided by 15?
6
Calculate the remainder when 77119360 is divided by 19279840.
0
What is the remainder when 86513347 is divided by 2859?
7
Calculate the remainder when 6394951 is divided by 853.
10
What is the remainder when 17198669 is divided by 40949?
89
What is the remainder when 8109647 is divided by 20274?
47
Calculate the remainder when 233098 is divided by 233052.
46
Calculate the remainder when 20741398 is divided by 1035.
1033
What is the remainder when 30695411 is divided by 234?
227
Calculate the remainder when 2067020 is divided by 103.
16
What is the remainder when 56432 is divided by 1710?
2
What is the remainder when 355785 is divided by 44472?
9
What is the remainder when 3170935 is divided by 3170889?
46
What is the remainder when 69490 is divided by 13851?
235
What is the remainder when 3609027 is divided by 6861?
141
What is the remainder when 222206 is divided by 3086?
14
Calculate the remainder when 214322370 is divided by 1012.
1010
What is the remainder when 573444 is divided by 44099?
157
Calculate the remainder when 79710 is divided by 43.
31
Calculate the remainder when 67782296 is divided by 7878.
7862
What is the remainder when 351924 is divided by 117308?
0
What is the remainder when 1949343 is divided by 192?
159
Calculate the remainder when 251662479 is divided by 54.
15
Calculate the remainder when 483367 is divided by 19334.
17
What is the remainder when 49946810 is divided by 19?
9
Calculate the remainder when 1186368 is divided by 5649.
78
What is the remainder when 5745764 is divided by 40?
4
What is the remainder when 308541 is divided by 153715?
1111
Calculate the remainder when 5459 is divided by 2721.
17
Calculate the remainder when 8319224 is divided by 789.
8
Calculate the remainder when 509064 is divided by 11838.
30
Calculate the remainder when 1247735 is divided by 1297.
21
Calculate the remainder when 825288 is divided by 592.
40
Calculate the remainder when 24771 is divided by 11363.
2045
What is the remainder when 545261 is divided by 1084?
9
Calculate the remainder when 80761 is divided by 10022.
585
Calculate the remainder when 23680020 is divided by 22968.
12
Calculate the remainder when 1536528819 is divided by 3819.
3816
What is the remainder when 23180 is divided by 22815?
365
What is the remainder when 4444014 is divided by 458?
40
What is the remainder when 12604654 is divided by 11?
7
What is the remainder when 3537223 is divided by 296?
23
What is the remainder when 947191 is divided by 473537?
117
What is the remainder when 54001450 is divided by 29?
28
What is the remainder when 26560 is divided by 4208?
1312
Calculate the remainder when 7796045 is divided by 300.
245
What is the remainder when 2079353 is divided by 41?
38
What is the remainder when 1761631 is divided by 607?
117
What is the remainder when 1010449 is divided by 13654?
53
Calculate the remainder when 9829687 is divided by 5541.
5494
What is the remainder when 28110382 is divided by 849?
841
Calculate the remainder when 37060480 is divided by 314.
2
What is the remainder when 86353 is divided by 258?
181
Calculate the remainder when 181940093 is divided by 416.
413
Calculate the remainder when 306217 is divided by 52.
41
What is the remainder when 215295 is divided by 11284?
899
Calculate the remainder when 9836798 is divided by 427.
426
Calculate the remainder when 4712389 is divided by 1232.
1221
Calculate the remainder when 198139 is divided by 279.
49
Calculate the remainder when 148414 is divided by 148392.
22
Calculate the remainder when 822515 is divided by 288.
275
What is the remainder when 30432459 is divided by 5?
4
What is the remainder when 221103 is divided by 408?
375
What is the remainder when 304600 is divided by 152?
144
What is the remainder when 5476038 is divided by 143?
139
Calculate the remainder when 21931 is divided by 2399.
340
Calculate the remainder when 1057374 is divided by 4497.
579
Calculate the remainder when 11373 is divided by 806.
89
Calculate the remainder when 30735 is divided by 1845.
1215
What is the remainder when 513661 is divided by 17710?
71
Calculate the remainder when 685335 is divided by 1461.
126
What is the remainder when 14870928 is divided by 22?
6
What is the remainder when 206034 is divided by 7347?
318
What is the remainder when 1021347 is divided by 63832?
35
Calculate the remainder when 22862740 is divided by 435.
10
Calculate the remainder when 716400 is divided by 4904.
416
Calculate the remainder when 345603 is divided by 6507.
732
Calculate the remainder when 82169 is divided by 27215.
524
What is the remainder when 3325134 is divided by 78?
72
Calculate the remainder when 764721784 is divided by 53.
48
What is the remainder when 125004 is divided by 8330?
54
Calculate the remainder when 88950214 is divided by 61.
14
Calculate the remainder when 248511 is divided by 1648.
1311
What is the remainder when 25004018 is divided by 61?
57
Calculate the remainder when 14014 is divided by 6791.
432
Calculate the remainder when 3971294 is divided by 22.
8
What is the remainder when 10310262 is divided by 55135?
17
What is the remainder when 2311287 is divided by 107?
87
Calculate the remainder when 30943 is divided by 5828.
1803
Calculate the remainder when 19307402 is divided by 337.
335
Calculate the remainder when 58165822 is divided by 17.
16
What is the remainder when 14768688 is divided by 21?
18
Calculate the remainder when 10301303 is divided by 1144589.
2
Calculate the remainder when 3700174 is divided by 105718.
44
Calculate the remainder when 38358 is divided by 118.
8
Calculate the remainder when 4118361 is divided by 292.
285
What is the remainder when 32983355 is divided by 59?
54
Calculate the remainder when 131299816 is divided by 15255.
31
What is the remainder when 239042 is divided by 239039?
3
What is the remainder when 7217817 is divided by 4472?
9
Calculate the remainder when 10192906 is divided by 1221.
1219
Calculate the remainder when 229061 is divided by 56.
21
What is the remainder when 74241 is divided 